ppose -x = -p - 2*i, 4*i = -4*p + w*p - 77. Calculate the highest common factor of p and 19.
19
Let n = -13 - 262. Let x be 12/(-10)*n/10. What is the greatest common divisor of x and 495?
33
Let s = -3431 - -3507. Calculate the highest common factor of s and 3838.
38
Let f be 2 + 9/15 + (-38)/(-95). Suppose -f*x - 5*v + 2*v = -672, -2*x = v - 449. Suppose 77 + 58 = 3*u. Calculate the highest common divisor of x and u.
45
Let x(u) = -u**2 - 7*u - 2. Let n = -22 + 16. Let i be x(n). Suppose 48 = 3*m + 3*v - 90, 0 = 4*m - 2*v - 172. Calculate the greatest common divisor of i and m.
4
Let b(p) = -p**3 + 4*p**2 + 15*p + 47. Let u be b(7). Let y(h) = -h**2 - 9*h + 102. Let a be y(u). Calculate the highest common factor of 544 and a.
32
Let j be 5/(-2)*16*143/220. Let k(i) = i**2 + 24*i - 41. Let g be k(j). What is the highest common factor of g and 5?
1
Let f be (-17)/((-136)/(-48)) + (-156)/(-6). Let l = 49 - 7. Suppose 0 = 4*z + j - 3*j - l, -4*j = -f. What is the greatest common divisor of 117 and z?
13
Let f = -26 - -28. Let j be 16*(2/(-3))/(f/(-3)). Suppose j = 2*z - z. Calculate the greatest common divisor of 2 and z.
2
Suppose -67*v + 54352 = -7*v + 112*v. What is the greatest common divisor of v and 3950?
158
Suppose -699 = -19*v + 17*v - b, 0 = -2*v + 2*b + 690. Suppose 110*f = 121*f - 132. What is the greatest common factor of f and v?
12
Suppose 8*r = -40*r + 29*r + 646. What is the greatest common factor of 119 and r?
17
Suppose 2*s = -m - 1292, -15 = 2*s - 17. Let f be (2 - m/18) + (-1)/(-9). What is the greatest common divisor of f and 111?
37
Let p = -33 + 23. Let i be (p/2 - 0)*(-7 - -6). Let r be 34 - i*(-4)/(-20). What is the greatest common divisor of r and 132?
33
Suppose -2 = -2*x - 4*p, 5*p + 4 + 1 = -5*x. Let i be (-6 + 3)*-239 - x. Suppose 4*y + y = i. What is the greatest common factor of y and 18?
18
Let s be 4 + (-1 - 10) + -4. Let p be (s + 10)/(2/(-32)). What is the highest common divisor of 2 and p?
2
Let q be (-4186736)/(-276) + (-65)/15. What is the greatest common factor of 45 and q?
45
Let t = -26 - -29. Let z be ((-3)/t)/((-1)/5) + -2. Calculate the highest common factor of z and 12.
3
Let i be (-6 - 329/(-56)) + (-11042)/(-16). Suppose -2*g + 380 = 4*u, -3*g + i = 4*u + 112. Calculate the highest common divisor of g and 22.
22
Let g(w) = -122*w - 1172. Let p be g(-13). What is the highest common divisor of 54 and p?
18
Let c(v) = 334*v**2 - 163*v**2 - 151*v**2 + 45 - 38*v - v**3. Let a be c(18). Let l = 7 - 4. What is the greatest common factor of l and a?
3
Suppose 71*g + 1260 = 40*g + 35*g. Calculate the greatest common divisor of 35 and g.
35
Suppose -15 = 5*c + d + 4*d, -2*d = -3*c + 16. Let i be 3*c/(-15)*(1 - 41). Suppose 6*a - 63 - 177 = 0. What is the greatest common factor of a and i?
8
Suppose 32*k - 3927 - 17982 = 28843. Calculate the highest common factor of 26 and k.
26
Suppose -2*a = l + 6, 2*l - 18 = 4*l - 2*a. Let f be 144/10 - l/(-20). Suppose 2*x + x = q - 4, 3*q - 15 = 6*x. What is the greatest common factor of f and q?
7
Let y(s) = s**2 - 6*s - 8. Let b = 17 + -5. Let r be y(b). Suppose -3*v = -3*x + 144, 96 = 2*x + 2*v + 2*v. Calculate the greatest common divisor of r and x.
16
Let z be 9147/9 - 162/486. Calculate the highest common divisor of 8 and z.
8
Let z(r) be the first derivative of -9*r**4/2 - 2*r**3/3 - 21. Let l be z(-1). What is the highest common divisor of 1 and l?
1
Let w(j) = -90*j**2 + 23*j + 1. Let x(s) = -45*s**2 + 12*s. Let a(l) = -3*w(l) + 5*x(l). Let y be a(-2). What is the greatest common factor of y and 15?
15
Let z(d) = 49*d**2 + 5*d + 2. Let f be z(3). Suppose -5*j - l = 173 - 756, -4*j + f = 5*l. Calculate the highest common factor of 26 and j.
13
Suppose -9*d = d - 5330. Let o = 94 + -81. What is the greatest common divisor of o and d?
13
Let g(a) = 46*a**2 - a + 4. Let u be g(12). Let b be ((-4)/(-7))/(-2) - u/(-28). Calculate the highest common divisor of 4 and b.
4
Let f = 65 - 39. Let k = f - 14. Suppose 0 = -5*z - 4*h + 122, -303 + 237 = -5*z + 3*h. What is the greatest common factor of z and k?
6
Let i be ((-55)/(-3))/(8 + 6465/(-810)). What is the greatest common divisor of 154 and i?
22
Let v be (-1)/1 - (-931 + 10). Let t be 2/(-5) + 8*v/25. Let g be (12/14)/(14/t). Calculate the highest common divisor of 9 and g.
9
Suppose i - 12 = -2*i, -2*b + 192 = -2*i. Suppose -111*j + 250 = -106*j. What is the greatest common divisor of j and b?
50
Let v be 12/(-3) + 56 + (1 - 3). Let r = v - 29. Suppose -2*g - 5*p + 9 = 0, -5*p + 0*p = 5*g - 30. Calculate the highest common divisor of r and g.
7
Let n(u) = 4*u**2 + 2*u - 5. Let s be n(3). Let y = s + -19. Let p = -18 + 54. What is the highest common divisor of y and p?
18
Suppose -5*c = -3*c + 2*h - 50, 3*c = -5*h + 67. Suppose c = 8*x - 19. What is the greatest common divisor of x and 24?
6
Let i be (71925/(-2))/(-15)*(-2700)/(-315). What is the greatest common factor of 300 and i?
150
Let o = 96 + -76. Let n = -6 + 56. Suppose -5*f + 3*g + 9 = -156, f - 4*g = n. Calculate the highest common divisor of f and o.
10
Suppose -2 = 2*s - 12. Suppose 0 = s*q - 5*c - 1645, 5*c - 335 = -3*q + 2*q. What is the highest common factor of 66 and q?
66
Let k be ((-2)/((-6)/1))/(2758/132384). What is the highest common divisor of 6704 and k?
16
Suppose 264*n + 11622 = 290*n. Calculate the greatest common divisor of n and 9089.
149
Let u be ((-28)/(-6))/((-2)/(-69)). Let d be 46/(5*(-17 - 1204/(-70))). What is the highest common factor of u and d?
23
Let s(b) = -b**3 - 26*b**2 - 28*b - 64. Let g be s(-25). Suppose 2*a + 0*k + k = 0, -5*a + 3*k + 11 = 0. Calculate the greatest common divisor of g and a.
1
Suppose -26*l - 4354 = -1717 - 53389. Calculate the greatest common factor of l and 64.
32
Let f be (-1716)/(-169) - 10/65. Suppose -f*y + 108 = -302. What is the highest common factor of 164 and y?
41
Let n(u) = 23 + 10*u**3 + 18*u + 11*u**3 - 30*u**3 - 16*u**2 + 8*u**3. Let s be n(-17). What is the highest common factor of 1 and s?
1
Let r(m) = -m**2 + 10. Let g be r(-3). Let x be (42/(3/3))/g. What is the greatest common factor of 18 and x?
6
Let s = 141 + -85. Suppose -63*z - 29421 + 30303 = 0. What is the greatest common divisor of s and z?
14
Let y(r) = 2*r**3 + 25*r**2 + 47*r - 23. Let x be y(-9). Calculate the highest common divisor of 22 and x.
11
Suppose 0 = 167*m - 164*m - 114. Let b be (-6)/(-4) - (-16435)/m. Calculate the highest common factor of 124 and b.
62
Let k = -260 + 309. Let l be k - (-7)/(-3 - 4). What is the greatest common divisor of l and 16?
16
Let y(z) = z**2 - z - 30. Let w be y(9). What is the highest common divisor of w and 1785?
21
Let l = 99 + -168. Let s = -78 - l. Let d = 57 + s. Calculate the highest common divisor of 432 and d.
48
Let o = 3189 + -3184. Let n(s) = -3*s**3 + 2*s**2 + 3. Let j be n(-2). What is the highest common factor of j and o?
5
Suppose 5 = 4*q - 5*c - 23, -3*q - 3*c - 6 = 0. Let u = -1419 - -1517. What is the greatest common factor of u and q?
2
Suppose 22*n = -5*t + 25*n + 5280, 5275 = 5*t - 2*n. Calculate the highest common factor of 243 and t.
81
Let p(s) = -13*s**3 - 52*s**2 - 53*s + 13. Let z be p(-4). What is the highest common divisor of 2425 and z?
25
Let p be (-15)/(-20) - 1/((-16)/(-12)). Suppose -t = -p*t - 130. Calculate the highest common factor of t and 10.
10
Let x(j) = j**2 - 30*j + 41. Let i be x(29). Calculate the highest common factor of i and 348.
12
Let m be (-2 + (-2)/(-5))/(2/(-60)). What is the highest common factor of m and 11976?
24
Suppose 2*b = -3*b + 665. Suppose -2*w - d = 1, 6 - 1 = -3*w - 5*d. Suppose m + w*m - b = 0. What is the highest common divisor of 19 and m?
19
Let j = -9 + 36. Let t = 138 - 129. Calculate the greatest common divisor of j and t.
9
Suppose -2*a - 5*f + 76 = -a, a - 52 = f. Suppose 587799*d - 587844*d = -630. Calculate the highest common factor of a and d.
14
Let w(v) = -v**2 - 10*v + 17. Let m be w(-11). Suppose 0 = m*n - 0 - 48. Let y be (3 - (-9)/(9/n)) + 3. Calculate the greatest common divisor of y and 238.
14
Suppose -15340 = -104*p + 16484. What is the highest common factor of 36 and p?
18
Suppose -73*f = -240*f + 445890. Calculate the greatest common divisor of f and 60.
30
Let l = -59 - -61. Suppose 77 = 4*h